, 677, 967
What are the prime factors of 518369282?
2, 7757, 33413
What are the prime factors of 73435457?
73435457
List the prime factors of 235985393.
7, 61, 552659
List the prime factors of 27709786.
2, 13, 211, 5051
List the prime factors of 1094550595.
5, 43, 59, 86287
What are the prime factors of 7751745311?
88019, 88069
What are the prime factors of 7692888250?
2, 5, 30771553
List the prime factors of 115795869.
3, 7, 23, 29, 1181
List the prime factors of 369807566.
2, 8009, 23087
What are the prime factors of 4657332518?
2, 2328666259
List the prime factors of 41929454.
2, 7, 2994961
List the prime factors of 243842377.
243842377
List the prime factors of 172689899.
109, 1584311
List the prime factors of 89930570.
2, 5, 8993057
What are the prime factors of 728028342?
2, 3, 40446019
What are the prime factors of 42145772?
2, 89, 118387
What are the prime factors of 75593613?
3, 43, 585997
What are the prime factors of 2738418438?
2, 3, 7, 29, 2248291
List the prime factors of 118607269.
11, 53, 131, 1553
List the prime factors of 27604014.
2, 3, 4600669
What are the prime factors of 259707977?
259707977
What are the prime factors of 4715938620?
2, 3, 5, 211, 227, 547
List the prime factors of 3853240.
2, 5, 96331
What are the prime factors of 4686826349?
19, 246675071
What are the prime factors of 1905078289?
1905078289
What are the prime factors of 26600939?
239, 111301
List the prime factors of 1344256004.
2, 7, 13, 19, 27767
What are the prime factors of 100722061?
11, 9156551
What are the prime factors of 8041236330?
2, 3, 5, 89, 557, 5407
What are the prime factors of 22979237?
22979237
List the prime factors of 4610311251.
3, 7, 13, 733, 23039
What are the prime factors of 505525768?
2, 11, 433, 13267
What are the prime factors of 224173892?
2, 487, 115079
List the prime factors of 1255186862.
2, 5347, 117373
What are the prime factors of 8955573?
3, 11, 24671
What are the prime factors of 677555588?
2, 169388897
List the prime factors of 279139643.
17, 16419979
What are the prime factors of 202847784?
2, 3, 8451991
List the prime factors of 49132836.
2, 3, 157, 8693
List the prime factors of 2462628052.
2, 615657013
List the prime factors of 56080280.
2, 5, 17, 82471
What are the prime factors of 106961074?
2, 11, 71, 68477
What are the prime factors of 13988837?
2531, 5527
What are the prime factors of 28824337?
28824337
List the prime factors of 6798937073.
131, 1619, 32057
List the prime factors of 1582247497.
1582247497
What are the prime factors of 1437549359?
17, 84561727
List the prime factors of 3276048295.
5, 13, 2803, 17981
What are the prime factors of 437859706?
2, 218929853
List the prime factors of 53886255.
3, 5, 463, 7759
What are the prime factors of 2356183067?
7, 71, 191, 24821
List the prime factors of 207396092.
2, 59, 878797
What are the prime factors of 84374099?
751, 112349
List the prime factors of 5929420579.
5929420579
List the prime factors of 524237539.
7, 4253, 17609
List the prime factors of 1160314325.
5, 19, 2442767
List the prime factors of 20126563.
20126563
What are the prime factors of 430410786?
2, 3, 13, 1373, 4019
What are the prime factors of 175754687?
17, 59, 175229
List the prime factors of 4365249.
3, 7, 207869
What are the prime factors of 893937310?
2, 5, 7, 61, 209353
List the prime factors of 619005323.
151, 197, 20809
What are the prime factors of 61154084?
2, 19, 43, 18713
List the prime factors of 224972612.
2, 139, 239, 1693
What are the prime factors of 452885875?
5, 13, 337, 827
What are the prime factors of 3066858574?
2, 13, 117956099
List the prime factors of 218818652.
2, 13, 47, 89533
List the prime factors of 56218756.
2, 11, 1277699
What are the prime factors of 13457650?
2, 5, 79, 3407
What are the prime factors of 655878974?
2, 19, 17259973
What are the prime factors of 29430468?
2, 3, 17, 19, 2531
What are the prime factors of 20690527?
11, 13, 41, 3529
What are the prime factors of 23336077?
359, 65003
What are the prime factors of 297984491?
7, 42569213
List the prime factors of 374959980.
2, 3, 5, 1399, 1489
What are the prime factors of 174038728?
2, 21754841
What are the prime factors of 3722607511?
7, 139, 3825907
List the prime factors of 760894675.
5, 43, 97, 7297
What are the prime factors of 2640831413?
11, 19, 1148687
What are the prime factors of 728055318?
2, 3, 7823, 15511
What are the prime factors of 109299924?
2, 3, 31, 37, 2647
What are the prime factors of 18681337?
37, 504901
List the prime factors of 2551918882.
2, 5557, 229613
What are the prime factors of 31985948?
2, 7996487
List the prime factors of 2084201386.
2, 467, 2231479
List the prime factors of 152011474.
2, 6079, 12503
List the prime factors of 130943087.
11, 3019, 3943
What are the prime factors of 1638608633?
31, 52858343
List the prime factors of 233070856.
2, 79, 368783
What are the prime factors of 1510906836?
2, 3, 125908903
List the prime factors of 257143046.
2, 128571523
What are the prime factors of 98703503?
3079, 32057
List the prime factors of 72559824.
2, 3, 1511663
List the prime factors of 4290679860.
2, 3, 5, 1579, 45289
List the prime factors of 222523260.
2, 3, 5, 103, 36007
List the prime factors of 417431016.
2, 3, 547, 3533
What are the prime factors of 3079222147?
263, 11708069
What are the prime factors of 5092674186?
2, 3, 197, 373, 11551
What are the prime factors of 219302248?
2, 11, 2492071
What are the prime factors of 2610945510?
2, 3, 5, 17, 23, 222587
What are the prime factors of 1324400445?
3, 5, 31, 949391
What are the prime factors of 2646398441?
61, 127, 341603
What are the prime factors of 11070161?
11070161
What are the prime factors of 5014075564?
2, 1253518891
List the prime factors of 1877982219.
3, 2663, 26119
List the prime factors of 312445845.
3, 5, 6943241
List the prime factors of 102978209.
102978209
What are the prime factors of 2106920891?
17, 123936523
What are the prime factors of 426651755?
5, 359, 237689
What are the prime factors of 25684403?
25684403
List the prime factors of 1427743843.
31, 1459, 31567
List the prime factors of 3964606902.
2, 3, 257, 857027
List the prime factors of 177099359.
101, 1753459
What are the prime factors of 55664737?
19, 2929723
What are the prime factors of 172084901?
71, 2423731
What are the prime factors of 3236965066?
2, 89, 227, 80111
What are the prime factors of 686397082?
2, 7, 107, 191, 2399
List the prime factors of 44530825.
5, 1781233
List the prime factors of 1941753211.
83, 173, 271, 499
What are the prime factors of 28937460?
2, 3, 5, 89, 5419
What are the prime factors of 2035600216?
2, 13, 1249, 15671
What are the prime factors of 6347235793?
683, 9293171
List the prime factors of 4828867153.
11, 17, 53, 44293
List the prime factors of 2473721.
17, 145513
What are the prime factors of 279643440?
2, 3, 5, 71, 16411
List the prime factors of 164471169.
3, 54823723
List the prime factors of 2939128474.
2, 61, 1097, 21961
List the prime factors of 121346839.
41, 53, 55843
What are the prime factors of 363223807?
31, 11716897
What are the prime factors of 35341409?
23, 1536583
What are the prime factors of 170394832?
2, 59, 180503
What are the prime factors of 195780410?
2, 5, 7, 53, 113, 467
What are the prime factors of 25554494?
2, 7, 37, 49333
What are the prime factors of 2085439984?
2, 130339999
What are the prime factors of 417126612?
2, 3, 7, 479, 1481
List the prime factors of 33787970.
2, 5, 157, 21521
List the prime factors of 533609255.
5, 167, 639053
List the prime factors of 137246805.
3, 5, 109, 3109
What are the prime factors of 4696361596?
2, 1174090399
List the prime factors of 891090328.
2, 71, 149, 10529
List the prime factors of 254314233.
3, 28257137
List the prime factors of 9709680.
2, 3, 5, 23, 1759
List the prime factors of 3595434870.
2, 3, 5, 31, 1187, 3257
List the prime factors of 81287242.
2, 40643621
What are the prime factors of 259131635?
5, 7, 31, 241, 991
List the prime factors of 181212714.
2, 3, 421, 2657
List the prime factors of 841356570.
2, 3, 5, 28045219
List the prime factors of 939827132.
2, 3041, 77263
What are the prime factors of 73333938?
2, 3, 593, 20611
What are the prime factors of 323484973?
7, 47, 73, 13469
What are the prim